the prime factors of m(h)?
13
Suppose v - 1 - 2 = 0. Suppose -r = -h + 4*r - 15, -v = -5*h - r. Suppose 5*c + 0*c - 50 = h. What are the prime factors of c?
2, 5
Let l(n) = -14*n. Let q be l(-3). Suppose q = 4*h - h. Suppose 5*j - 30 = -0*j + 5*a, -4*a - h = -2*j. What are the prime factors of j?
5
Let b = 4 + -4. Suppose -3*v = d + 24 - 76, -3*v + d = -50. Suppose s = -5*i + v, -5 = -s - i - b. List the prime factors of s.
2
What are the prime factors of 52 + 20 - (5 - (-2)/(-2))?
2, 17
Let j be ((-22)/1)/((-3)/12). Suppose 0 = -5*b + b + j. List the prime factors of b.
2, 11
List the prime factors of (-3)/(-2) + (0 - 906/(-4)).
2, 3, 19
Let f = 17 - -4. List the prime factors of f.
3, 7
Let j = -110 + 125. What are the prime factors of j?
3, 5
Let p = 5 - 3. Let v be 10*(p + 0)*1. Suppose 5*g - t + 7 = v, -g + t = -5. What are the prime factors of g?
2
Let f = -25 + 59. Let a = f - 10. List the prime factors of a.
2, 3
Let r(c) = 3 + 4*c**2 + 3*c + 5 - 3 - 2. Suppose 4*u = -5 - 3. What are the prime factors of r(u)?
13
Suppose 61 = -3*i - 4*u - 36, -127 = 3*i - 2*u. What are the prime factors of i/(-6)*(-4 + 10)?
3, 13
Suppose f - 5*f - 4*u = 0, 4*f - 30 = 2*u. Let n be (-214)/(-8) - f/(-20). Suppose 0 = 5*s - n - 13. List the prime factors of s.
2
Suppose 0 = -q + 3*q + 20. Let v be 4/q - 111/(-15). Suppose 3*d + v = -8, d - 40 = -5*k. What are the prime factors of k?
3
Let o = -67 + 96. Let v be 2/(-9) + o/9. Suppose -v*i = -3*x - 39, -2*i + x = 1 - 25. List the prime factors of i.
11
Suppose -18*c + 5*c = -2067. List the prime factors of c.
3, 53
Let u(f) = -11*f**2 - 4*f - 19. Let i(k) = -5*k**2 - 2*k - 9. Let q(b) = -13*i(b) + 6*u(b). Let w be q(5). Let y = 20 + w. What are the prime factors of y?
2
Let b(j) = -j**2 + 7*j + 7. Let f be b(8). What are the prime factors of ((-13)/2 - f)*-2?
11
Suppose 3*k + 202 - 892 = 0. What are the prime factors of k?
2, 5, 23
Let l(k) = k + 6. Let c(w) = w**3 - w**2 - w + 1. Let r be c(1). List the prime factors of l(r).
2, 3
Let h(x) = x**3 - x**2 - 5*x - 12. List the prime factors of h(5).
3, 7
Suppose 5*b - 2*b - 16 = -5*n, 3*b = 3*n - 24. List the prime factors of ((-2)/n)/(6/(-180)).
2, 3
Let y = 0 - -3. Suppose y*u = 4*a - 51, -3*a + 8*a = 2*u + 62. List the prime factors of a/5 - (-14)/(-35).
2
Suppose 16 = 4*m, 37 = 3*f - 0*m + m. What are the prime factors of f?
11
Let w = 4 + -3. Let x = w + 1. What are the prime factors of x/4 - 17/(-2)?
3
Suppose -a - 2 = -b, -5*a - 13 + 3 = 4*b. Suppose 4*y = -b*y + 40. List the prime factors of y.
2, 5
Suppose 4 = 2*w - 4*w. List the prime factors of (-3 - -31)/(w + 3).
2, 7
Let f(b) = -b**3 - 10*b**2 + b + 12. Let h be f(-10). Suppose -h*k + 80 = -8. List the prime factors of k.
2, 11
Suppose -27 = -w - 0*l + 4*l, 0 = -3*w + 2*l + 121. List the prime factors of w.
43
Let c(o) = -5*o - 1. Let d be c(1). Let k = 5 - d. List the prime factors of k.
11
Suppose -g - 1 = -4. Suppose -5*y + 77 = g*o - 4*y, 0 = -4*o + 5*y + 90. List the prime factors of o.
5
Let y(c) = c**2 - 2*c - 4. What are the prime factors of y(8)?
2, 11
Let v be (-896)/49 - 4/(-14). Let g = 27 + v. List the prime factors of g.
3
Suppose -3*s + 16 = s. Suppose x + x - 6 = 0. Suppose 3*y = -x*v + 7*v - 51, 2*y - 46 = -s*v. What are the prime factors of v?
2, 3
Suppose a + 4*o - 22 = 0, 4*a = -a + 2*o + 22. Suppose -q = -0*q - a. What are the prime factors of q?
2, 3
Let j(u) = u**3 - u**2 + 17. Let q(b) be the first derivative of -b**3/3 + 5*b**2 - 9*b - 1. Let y be q(9). List the prime factors of j(y).
17
Let h = 4 - -2. Let f = 3 + h. List the prime factors of f.
3
Let q(m) = 1 + 4 + m**2 + 2*m - m**3 + 1 + 14. List the prime factors of q(0).
2, 5
Let f(u) = -4 + 4 + 6*u - 6 - u**2. What are the prime factors of f(4)?
2
Suppose 2*m + 2*f - 36 = 0, -5*m = 2*f - 93 + 18. Let y(h) = h**3 + 10*h**2 + 8*h + 8. Let k be y(-9). Suppose k = 3*w - m. List the prime factors of w.
2, 5
Suppose -4*h + 271 = -1. Let j = 48 - h. Let y = -5 - j. What are the prime factors of y?
3, 5
Suppose 0 = -8*y + 1621 - 597. List the prime factors of y.
2
Let z be -12*(20/(-6) - -3). Suppose -2*y = k - 20, k - 2*k - 10 = -z*y. What are the prime factors of (4/k)/(1/5)?
2
Suppose -14 - 2 = -4*j. Let s(b) = b**3 - 5*b**2 + 4*b + 3. Let i be s(j). Suppose -8 = -i*y + y. List the prime factors of y.
2
Suppose 4*n - 8 + 0 = 0. Suppose 0 = -0*k - n*k + 22. List the prime factors of k.
11
Let b(l) = l**2 - 5*l - 2. Let k be b(6). Let h(i) = i**3 - 3*i**2 - 3*i - 1. List the prime factors of h(k).
3
Suppose -4 = 5*z - 19. Suppose -6*g = -z*g - 93. List the prime factors of g.
31
Let s be -2 + 84 + (2 - 0). Suppose -o = -0*q - 4*q - 36, 0 = 4*o - 4*q - s. List the prime factors of o.
2
Suppose 6*l = l + 50. List the prime factors of l.
2, 5
Let b = 4 + -9. List the prime factors of (-27 - -1)*b/10.
13
List the prime factors of -1 - -20 - (2 - -1).
2
Suppose 8 + 0 = c. Suppose 0 = l - 2*l + c. List the prime factors of l.
2
Let h(d) = 3 - 2 - 8 - d - 3*d. List the prime factors of h(-13).
3, 5
Suppose u = -3*u + 64. Let o(q) = -q**3 + 6*q**2 - 5*q - 1. Let g be o(5). List the prime factors of -1*u*1/g.
2
Suppose 0 = -f + 2*f - 10. Let t = f - 6. Suppose -3*b - 25 = -2*u, b + 8 + t = u. List the prime factors of u.
11
Let f(o) = -7*o + 1. What are the prime factors of f(-3)?
2, 11
Let d be (21/6)/((-2)/(-12)). Suppose -d = 5*g + w + 3, 2*g + 12 = -w. Let f(y) = -y + 5. List the prime factors of f(g).
3
Suppose 12 = -4*h + 256. What are the prime factors of h?
61
What are the prime factors of (-5 - -3)*(-3)/((-24)/(-172))?
43
Suppose -y + 7 = -3*k, 3*y - k - 5 = 8. Let p(l) = 0*l + 3*l - 5 + 1. List the prime factors of p(y).
2
Let s(c) be the second derivative of c**5/20 - c**4/3 + 2*c**3/3 - 4*c. List the prime factors of s(3).
3
Let y(d) = 4*d**2 + 11*d - 1. List the prime factors of y(-9).
2, 7
Let a be (-2 - -1)/((-5)/25). Suppose -a*s + 45 = 5*g, 3*g - 10 = 4*s + 10. Suppose -g + 1 = -t. List the prime factors of t.
7
Let h(c) = -c**3 - 4*c**2 - c - 8. Let p be h(-6). Suppose -p = d - 6*d. What are the prime factors of d?
2, 7
Let h(g) = g**2 + g - 9. What are the prime factors of h(-7)?
3, 11
Suppose 30 + 32 = 2*p. Let u = p + -20. What are the prime factors of u?
11
Let z = -24 - -36. Let m be z + 1 + (-3 - -5). Suppose 3*n + 0*r + 2*r - m = 0, 2*n = 3*r - 3. List the prime factors of n.
3
Let g(a) = 2*a - 6*a - 1 + 4. What are the prime factors of g(-3)?
3, 5
Suppose -8 = 4*g, 2*b - 74 = 3*g + 10. Suppose -2*h + b = 3. What are the prime factors of h?
2, 3
Let g = -44 + 81. What are the prime factors of g?
37
Suppose l + 4 = 8. List the prime factors of l.
2
Let u(t) = t**3 - 9*t**2 + 9*t - 5. Let b be u(8). Suppose -2*q = -b*q + 11. List the prime factors of q.
11
Suppose 0 = -6*y + 2*y + 2*k - 10, -5*y - 4*k + 7 = 0. Let a = y - -4. Suppose -a*l = -l - 36. List the prime factors of l.
2, 3
Let d be (-6)/21 + 78/(-21). Let q(t) = 2*t + 0*t**3 - 3*t - 2*t - t**3 + 4 - 4*t**2. List the prime factors of q(d).
2
What are the prime factors of 8*-1*246/(-12)?
2, 41
Let h(f) = -f**3 - 9*f**2 + 3. What are the prime factors of h(-9)?
3
Let f = -8 - -13. Let z be (-3 - -6)/(1/f). Suppose -3*s + z = 3*j - 3, -j + 12 = 4*s. List the prime factors of s.
2
Suppose 6*d - 16 - 20 = 0. List the prime factors of d.
2, 3
Let s be 246/9*(-3)/(-2). Suppose -4*o = -4, -4*n = 5*o - 0*o - s. List the prime factors of n.
3
What are the prime factors of (1566/180 + 8/10)*24?
2, 3, 19
Let t(x) = 1 + 63*x + 6*x**2 - 64*x - 2*x**3 - 8 + x**3. Let k be (-1)/(-1)*-2 - -7. What are the prime factors of t(k)?
13
Let f = 10 + -5. List the prime factors of 79/f + 1/5.
2
Let o(r) = r**2 + 3*r - 7. Let z(b) = -b - 13. Let h be z(-8). Let m be o(h). Suppose -a = 2*s - 29, s - m*s - 3*a = -19. List the prime factors of s.
17
Let o(d) = 6*d**2 + 13*d + 29. Let b(p) = -4*p**2 - 9*p - 19. Let a(k) = -8*b(k) - 5*o(k). List the prime factors of a(-5).
2, 11
Let k be -2 + (3 - 1)*1. Suppose 2*i + i = -4*c + 67, k = 3*c + 4*i - 52. What are the prime factors of c?
2
Let k(t) = -9 - 5 + 2 - 3*t + 3. List the prime factors of k(-6).
3
Let r be (-1)/(-4) + (-51)/(-4). Let m(y) = -1 + 23*y**3 + r*y - 15*y + 2 - y**2 + 2*y**2. List the prime factors of m(1).
23